(h) = h**3 + 6*h**2 + 6*h + 4. Let f(n) = -2*n**2 - 4*n + 1. Let u be f(-3). Let a be g(u). Determine o(a).
6
Let x(j) be the third derivative of j**6/120 + 7*j**5/60 - 3*j**4/8 - j**3/6 + 162*j**2. Determine x(-8).
7
Let l(c) be the first derivative of 2*c**3/3 - c**2 + c + 1. Suppose 3*o - 2 = o. Let s(t) = t**2. Let v(j) = o*l(j) - 5*s(j). What is v(1)?
-4
Let m(k) = -k**3 - k**2 - 2*k + 2. Let u(s) = -2*s**3 - 4*s**2 - 9*s + 4. Let v(a) = 3*m(a) - u(a). Suppose -20 = -4*d - 4*w, 5 = 2*d + w - 3. What is v(d)?
-7
Let y(k) = 9*k**3 + 22*k**2 + 13*k - 8. Let c(s) = 5*s**3 + 12*s**2 + 7*s - 4. Let f(v) = 7*c(v) - 4*y(v). Let p = 14 + -17. Determine f(p).
4
Let a(c) be the first derivative of -c**4/12 + 5*c**3/3 - 3*c**2 + 28*c - 10. Let y(k) be the first derivative of a(k). What is y(8)?
10
Let v(u) = 0*u**2 + u**3 + 0*u**3 - 7*u**2. Suppose 0 = -5*x - 2*b + 29, 2*x - 5*b + 0*b = 0. Suppose 46 = 3*k + x*c, 0*k - 4*c + 34 = 2*k. What is v(k)?
0
Suppose 10 = 3*v - 3*i - 8, -18 = -3*v - 4*i. Let l = -4 + v. Let g(s) = s**3 - 3*s + 7*s**2 + 10*s + 3 + l + 0. What is g(-6)?
-1
Let n(z) = -6*z**2 + 4*z - 1. Suppose 0 = -52*h + 41*h + 22. Determine n(h).
-17
Let c(p) = 2. Let j(l) = -2*l + 8. Let v(g) = -5*c(g) + j(g). Give v(-4).
6
Let l = -13 + 7. Let c(y) be the third derivative of y**7/5040 + y**6/120 - y**5/6 + y**2. Let v(q) be the third derivative of c(q). Calculate v(l).
0
Suppose 0 = -2*c - 4*d + 46, 5*d + 5 = -0. Suppose 5*z + 2*o - 69 = -c, z - 18 = -5*o. Let m = z - 12. Let w(r) = -r**3 - 4*r**2 - r + 4. What is w(m)?
8
Let t = 61 - 33. Let w = t + -34. Let k(o) = o**3 + 7*o**2 + 3*o - 7. What is k(w)?
11
Let i(o) be the second derivative of 25*o**4/12 - o**3/6 - o**2/2 - 2*o - 245. What is i(-1)?
25
Let w = -1 + 11. Let u = w + -14. Let d(o) = -2*o. What is d(u)?
8
Let q be (-126)/(-26) + (-4)/(-26). Let i(n) = 10 - n**2 + 5 - q + 1 - n. Calculate i(0).
11
Let a(y) = 6*y**2 + 1. Let z(r) = 2*r**2 + 566*r + 1 - 569*r - 3*r**2. Let q be z(-3). Calculate a(q).
7
Let o(d) = -5*d + 81. Let v(q) = 4*q - 61. Let p(s) = -7*o(s) - 9*v(s). Give p(-15).
-3
Let p(h) = 3 - 1 + 0*h + 1 + h. Let n be p(0). Let u be -1 + n - 1 - -4. Let z(l) = 2*l - 1. Give z(u).
9
Let q(m) = -m**3 + 5*m**2 - m + 3. Let p = -236 - -241. Calculate q(p).
-2
Let t(a) = 4*a**2 + 4*a. Let h(i) = 9*i**2 + 7*i. Let z(y) = 3*h(y) - 5*t(y). Let n(r) = 27*r**2 + 5*r. Let p(c) = -2*n(c) + 9*z(c). Calculate p(-1).
10
Let x(h) = 2*h**2 - 2. Suppose 5*n = 20 + 195. Let o = 46 - n. What is x(o)?
16
Let u(s) = 17*s - 1. Let a(g) = 3*g. Let q(p) = -5*a(p) + u(p). Calculate q(1).
1
Let p(u) = 5*u**2 + u - 1. Let y(o) = o**3 - 2*o + 1. Let n be y(3). Let g = 23 - n. Let s be p(g). Let b(i) = -i**2 + 3*i - 2. Give b(s).
-12
Let m(u) = 4*u**3 - 6*u**2 + u - 3. Let s(y) be the first derivative of 8*y + 2 - y**2 + 17/3*y**3 - 11/4*y**4. Let i(o) = 8*m(o) + 3*s(o). Determine i(3).
6
Let d(u) = 0*u + 7 + u - 2*u - 8. Let m(i) = 5*i - 8. Let g(w) = 5*d(w) - m(w). Give g(2).
-17
Suppose -3*y - 2*c = c, 5*c = -10. Let r(g) = g**3 - 4*g + 2*g + 243*g**y + 0*g**3 - 241*g**2. Calculate r(-3).
-3
Let d(q) be the third derivative of -q**4/8 + q**3/6 + 13*q**2. Give d(-2).
7
Let u(i) = -i**3 + 6*i**2 + 2*i - 7. Suppose 11 = -4*a + 35. Calculate u(a).
5
Let v(c) be the third derivative of 0*c + 18*c**2 - 7/24*c**4 - 4/3*c**3 - 1/60*c**5 + 0. Determine v(-6).
-2
Let p(q) = q**3 + 9*q**2 + 10*q. Let j = 1158 + -1166. Calculate p(j).
-16
Let q be (1/(-1) - 7) + (-28)/(-7). Let v(w) = 2*w**2 + 4*w + 1. What is v(q)?
17
Let z = -2 - -1. Let l = -4 - z. Let q(o) be the first derivative of 2*o**2 + 3*o + 46. Calculate q(l).
-9
Let m be 10/6 - 3/(-9). Suppose 4 - m = c. Let o(l) = l**2 - 1 + 2*l**c - 4*l - 2*l**2 + 2. Calculate o(4).
1
Let k(c) = -c**2 + 13*c + 12. Let p(f) = -f**2 + 14*f + 12. Let y(v) = -2*k(v) + 3*p(v). Determine y(16).
12
Suppose -15 = -0*l + 5*l. Let n(v) = 10*v - 4 - 2*v - 5*v - 2*v. What is n(l)?
-7
Let n(r) = 21*r**3 + 3*r**2 + 2*r - 8. Let g(h) = -16*h**3 - 4*h**2 - 3*h + 7. Let l(d) = 4*g(d) + 3*n(d). Calculate l(-5).
-16
Let i(u) = 12*u**2 + 3*u. Let n = -4 + 2. Let h be i(n). Let d(x) = 7*x - 42 - x**2 + h. Calculate d(5).
10
Let j(u) = -3*u - 6. Suppose -l + 4*h = 44, -h = 5*l + 109 + 216. Let s = l + 60. Calculate j(s).
6
Let c(h) = 8*h - 70. Let m be c(10). Let v(k) = k - 4. Determine v(m).
6
Suppose -3*a - 9 = -4*w + 3*w, 0 = 2*w + 2*a + 6. Suppose w*x - 21 = 3*x. Let v(p) = 2*p + 532 - 1054 + 530. Calculate v(x).
-6
Let u(l) = -126 + 16*l + 123 - 17*l. Suppose 4*j + n + 2 - 12 = 0, -14 = -2*j + 4*n. What is u(j)?
-6
Let o(z) be the third derivative of 0 + 5/6*z**3 + 4*z**2 + 1/120*z**6 - 1/30*z**5 - 7/24*z**4 + 0*z. Let c = -27 - -31. Calculate o(c).
9
Suppose 5*h = -q - 33, 4*h + 22 = -3*q - 0*q. Let l(r) be the first derivative of 2*r**3 + 2*r - 7/2*r**2 + 1/4*r**4 + 3. What is l(h)?
2
Let n(z) = -2*z**3 + 4*z**2 - 2*z - 2. Suppose 4*j = d + 13, 2*j + 7 = 3*j - d. Give n(j).
-6
Let t(y) = -9*y - 1. Let z(j) = 21*j + 13. Let h(b) = -11*b - 7. Let o(m) = 11*h(m) + 6*z(m). Let l(w) = 11*o(w) + 6*t(w). What is l(-10)?
-5
Let b(r) be the third derivative of r**5/60 + 3*r**4/8 + r**3 - 8*r**2. Let l = 5 - 4. Suppose -4*v - 8 = 4*s, 5*s - 7 = -2*v + l. Calculate b(v).
-12
Let p = 6 - 11. Let c = p - -3. Let x(i) = -i**3 - 4*i**2 + i + 2. What is x(c)?
-8
Suppose 44*y + 1215 = -y. Suppose 0 = i + 3*h + 27, 2 = 2*i - 4*h + 66. Let g = i - y. Let c(v) = -v**2 - v - 1. What is c(g)?
-7
Suppose 8*m - 13*m = -4*z - 8, 3*z + 4*m + 37 = 0. Let y(j) be the third derivative of j**5/60 + 5*j**4/24 - 2*j**3/3 - 3*j**2. What is y(z)?
10
Let t(p) = p**3 + 7*p**2 + 6*p + 8. Suppose 20 = 13*g - 3*g. Suppose 2*z = -2*x - 2, z = -5*x - 3 - 2. Suppose g*m = 3*j, z = 9*j - 4*j + 20. Calculate t(m).
8
Let f(a) = -a**2 + 6*a - 5. Let l be f(5). Let p(x) be the third derivative of 1/60*x**5 - 1/24*x**4 + 0*x + 0*x**3 - 8*x**2 + 0. What is p(l)?
0
Let k(z) = z**3 + 4*z**2 + 3*z + 5. Let y(u) = 7*u - 2. Let n = 2 + 0. Let d be y(n). Suppose 3*g + 0*g + d = 0. Give k(g).
-7
Let o(g) be the third derivative of g**4/12 + 3*g**3/2 - 26*g**2. Determine o(-4).
1
Let w = -4 + 7. Suppose 2*x + 17 + w = 0. Let c be -1 + (-4)/(-8)*x. Let n(a) = -a**3 - 6*a**2 + 2*a + 8. What is n(c)?
-4
Let f(o) be the third derivative of o**6/120 + o**5/60 - o**4/24 - o**3/6 - 383*o**2. Give f(0).
-1
Let x(k) = -5*k - 17. Let b(z) = -z. Let g(u) = 2*b(u) - x(u). Determine g(7).
38
Let m be 156/132 + ((-36)/(-44) - 1). Let z(s) = 4*s**2 + 2*s - 3. Calculate z(m).
3
Let z(d) = d - 2. Let j(w) = -65*w - 388. Let i be j(-6). Determine z(i).
0
Let i be (-196)/(-70)*1/(2/5). Suppose i = b - 0. Let x(u) = -u**2 + 4*u + 7. Determine x(b).
-14
Let q(p) = 3*p**2 + 2 - 3 - 3*p + p**3 + 4*p. Suppose -37 = -4*h - 13. Let t(f) = -4*f + 21. Let m be t(h). Calculate q(m).
-4
Let v(n) be the third derivative of n**4/24 - n**2. Suppose 82 = 4*t - 38. Let l be ((-75)/t)/((-2)/(-4)). Determine v(l).
-5
Let x = 37 - 39. Let y(b) be the second derivative of -b**6/240 - b**5/60 - b**4/12 - 8*b. Let q(d) be the third derivative of y(d). Calculate q(x).
4
Let k(m) = 2*m + 3. Let l = -20 - -39. Suppose -2*o + 20 = 3*n - 8*n, 0 = 4*n - o + l. Determine k(n).
-9
Let h(w) = 4*w**2 - 5*w - 5. Let r be h(-1). Suppose -u + 3 = -3*t, -4*t + 3*u + 3 = r*u. Let i(a) = a**3 - a**2 - a + 6. Determine i(t).
6
Let y(m) = -m - 1. Let k(o) = 5 + 5*o - 5*o + 8*o - 2*o. Let r(v) = k(v) + 3*y(v). Suppose -4*x - 5*z + 7 = 0, 3*x + 3*z + 0 - 6 = 0. Give r(x).
11
Let o(g) = -g + 5. Let a(d) = 17. Let y(j) = 2*a(j) - 5*o(j). Determine y(-6).
-21
Suppose i = 10 - 6. Suppose 20 = i*p - 3*z, -4*p + 2*p + 2*z = -10. Let x(y) = 3*y - y**3 - 3 + 2*y - y + 4*y**2. Give x(p).
-8
Let r(g) be the second derivative of g**5/20 + 3*g**4/4 + 4*g**3/3 - 3*g**2 - 3*g + 15. What is r(-7)?
36
Let r(s) = -s**2 + 4*s + 18. Let t be r(7). Let u(m) = m**3 + 3*m**2 - 2*m + 3. Calculate u(t).
9
Let a = 495 + -493. Let f(n) = -n + 3. Give f(a).
1
Suppose 11 = 5*y + h, -5*y + 5 - 2 = 3*h. Suppose 0 = y*a + 3*a. Let s(b) = -b - 1. Calculate s(a).
-1
Let p(r) = -r**2 - 4 + 253*r - 504*r + 252*r - 1. Give p(-4).
-25
Let v(m) = -8*m**2 + 2*m + 3. Let g(r) = -17*r**2 + 4*r + 5. Suppose -3*n = 6, -2*h + 0*h